{"id":113,"date":"2020-05-15T13:44:46","date_gmt":"2020-05-15T13:44:46","guid":{"rendered":"https:\/\/www.seidler-rhetorik.at\/wpsr\/?page_id=113"},"modified":"2020-05-15T13:44:47","modified_gmt":"2020-05-15T13:44:47","slug":"das-mitarbeiterinnengesprach-mit-leistungsbewertung","status":"publish","type":"page","link":"https:\/\/www.seidler-rhetorik.at\/wpsr\/das-mitarbeiterinnengesprach-mit-leistungsbewertung\/","title":{"rendered":"Das MitarbeiterInnengespr\u00e4ch (mit Leistungsbewertung)"},"content":{"rendered":"\n<h2 class=\"wp-block-heading\">Das MitarbeiterInnengespr\u00e4ch (mit Leistungsbewertung)<\/h2>\n\n\n\n<p><strong>Ziel<\/strong><\/p>\n\n\n\n<p>Nach Abschluss dieses Seminars sind Sie in der Lage<\/p>\n\n\n\n<ul class=\"wp-block-list\"><li>Mitarbeitergespr\u00e4che zielorientiert, systematisch und individuell vorzubereiten<\/li><li>die Durchf\u00fchrung ergebnis- und situationsbezogen zu steuern<\/li><li>den Verlauf kritisch zu reflektieren<\/li><li>mit herausfordernden Situationen im Gespr\u00e4ch umzugehen<\/li><li>die Leistungsbewertung nach dem GAG 2005 durchzuf\u00fchren<\/li><\/ul>\n\n\n\n<p><strong>Inhalte<\/strong><\/p>\n\n\n\n<ul class=\"wp-block-list\"><li>Vertiefung Teil 1<\/li><li>Zu-\/Hinh\u00f6ren \u2013 Der kontrollierte Dialog<\/li><li>Macht und Magie der Fragetechnik<\/li><li>Erfahrungen aus der Praxis<\/li><li>\u00dcbungen an praktischen Beispielen<\/li><li>Leistungsbewertung<\/li><li>Praktische Beispiele und Tipps<\/li><\/ul>\n\n\n\n<p><strong>Zielgruppe&nbsp;<\/strong><\/p>\n\n\n\n<ul class=\"wp-block-list\"><li>F\u00fchrungskr\u00e4fte, zu deren Aufgabe MitarbeiterInnengespr\u00e4che und\/oder Leistungsbewertungen geh\u00f6ren<\/li><\/ul>\n","protected":false},"excerpt":{"rendered":"<p>Das MitarbeiterInnengespr\u00e4ch (mit Leistungsbewertung) Ziel Nach Abschluss dieses Seminars sind Sie in der Lage Mitarbeitergespr\u00e4che zielorientiert, systematisch und individuell vorzubereiten die Durchf\u00fchrung ergebnis- und situationsbezogen zu steuern den Verlauf kritisch &#8230;<\/p>\n","protected":false},"author":1,"featured_media":0,"parent":0,"menu_order":0,"comment_status":"closed","ping_status":"closed","template":"","meta":{"footnotes":""},"class_list":["post-113","page","type-page","status-publish","hentry"],"jetpack_sharing_enabled":true,"_links":{"self":[{"href":"https:\/\/www.seidler-rhetorik.at\/wpsr\/wp-json\/wp\/v2\/pages\/113","targetHints":{"allow":["GET"]}}],"collection":[{"href":"https:\/\/www.seidler-rhetorik.at\/wpsr\/wp-json\/wp\/v2\/pages"}],"about":[{"href":"https:\/\/www.seidler-rhetorik.at\/wpsr\/wp-json\/wp\/v2\/types\/page"}],"author":[{"embeddable":true,"href":"https:\/\/www.seidler-rhetorik.at\/wpsr\/wp-json\/wp\/v2\/users\/1"}],"replies":[{"embeddable":true,"href":"https:\/\/www.seidler-rhetorik.at\/wpsr\/wp-json\/wp\/v2\/comments?post=113"}],"version-history":[{"count":1,"href":"https:\/\/www.seidler-rhetorik.at\/wpsr\/wp-json\/wp\/v2\/pages\/113\/revisions"}],"predecessor-version":[{"id":114,"href":"https:\/\/www.seidler-rhetorik.at\/wpsr\/wp-json\/wp\/v2\/pages\/113\/revisions\/114"}],"wp:attachment":[{"href":"https:\/\/www.seidler-rhetorik.at\/wpsr\/wp-json\/wp\/v2\/media?parent=113"}],"curies":[{"name":"wp","href":"https:\/\/api.w.org\/{rel}","templated":true}]}}